n base 15, what is 13d - 48?
e5
In base 4, what is -3012 + -11333?
-21011
In base 6, what is -32222305 + -4?
-32222313
In base 4, what is -1 - -103120?
103113
In base 12, what is a + 5002?
5010
In base 9, what is 6661 - 51?
6610
In base 14, what is 5 - -1127bd?
1127c4
In base 3, what is 2112202022101 + 0?
2112202022101
In base 10, what is -46543 + 2?
-46541
In base 5, what is 242323 - 2?
242321
In base 3, what is 120112110 + 1?
120112111
In base 10, what is 4 + -18355?
-18351
In base 14, what is -2b + -d3?
-120
In base 16, what is -21 + -29ab?
-29cc
In base 7, what is 12503 - 24?
12446
In base 15, what is -2 - c5689?
-c568b
In base 5, what is 1 - 340010?
-340004
In base 7, what is -6 - -1244341?
1244332
In base 16, what is -776c5 + 5?
-776c0
In base 13, what is c93 - -b4?
1077
In base 13, what is -38 + 3497?
345c
In base 4, what is -30312 + 1202?
-23110
In base 7, what is 2434433 - -1?
2434434
In base 16, what is d2 - -31?
103
In base 8, what is 2213 + -3244?
-1031
In base 13, what is -863 - -27?
-839
In base 14, what is -33 + 2166?
2133
In base 12, what is -1 - 9959?
-995a
In base 2, what is 11011110000000 - -10100111?
11100000100111
In base 6, what is 35020 - 1050?
33530
In base 10, what is -1083 - 2214?
-3297
In base 11, what is -2 + -188021?
-188023
In base 14, what is 10289 - -1?
1028a
In base 8, what is -101320 - 5?
-101325
In base 16, what is -6e7 + -17?
-6fe
In base 6, what is 5245515 + 1?
5245520
In base 4, what is 2 - 2111100012?
-2111100010
In base 7, what is -3130 - 2?
-3132
In base 13, what is -1 - -3a47?
3a46
In base 8, what is -50337 - -1?
-50336
In base 15, what is 1d0b - -2b?
1d37
In base 7, what is 125602 + 10?
125612
In base 9, what is -5 + 638180?
638174
In base 16, what is -ae712 + 6?
-ae70c
In base 3, what is 22111200 - 2?
22111121
In base 13, what is 1a07 - -2?
1a09
In base 4, what is 23110 + -101011?
-11301
In base 14, what is -189 + -210?
-399
In base 7, what is 1 + -141341?
-141340
In base 11, what is -659 + -255?
-903
In base 13, what is 29517 - 19?
294cb
In base 11, what is -1362 - 124?
-1486
In base 3, what is 11211201201 + -10?
11211201121
In base 4, what is 210 + -1113022?
-1112212
In base 16, what is 2aa3 + -3?
2aa0
In base 10, what is 1 - 2450?
-2449
In base 10, what is -367 - -2593?
2226
In base 3, what is -110012111 + 102021?
-102210020
In base 6, what is -12 - -25113?
25101
In base 13, what is 2ba4 + -154?
2a50
In base 8, what is -10 - -765540?
765530
In base 8, what is 4 - 36662?
-36656
In base 13, what is -655 + -79?
-701
In base 10, what is -19323 - 46?
-19369
In base 2, what is -1 + 101110100?
101110011
In base 7, what is 10306 - -124?
10433
In base 15, what is -1d525 + -1?
-1d526
In base 15, what is 1cbcd - -38?
1cc16
In base 6, what is 5 - -242052?
242101
In base 5, what is -103304 - 101?
-103410
In base 11, what is 66 - -259?
314
In base 9, what is 1 - -11133?
11134
In base 4, what is -3 - 111?
-120
In base 9, what is -186727 - -12?
-186715
In base 7, what is 1 + -3531?
-3530
In base 15, what is 142cc - 1?
142cb
In base 10, what is -69447 + -19?
-69466
In base 13, what is 29 - -51157?
51183
In base 11, what is -5 - -23555?
23550
In base 11, what is -7a - 311?
-390
In base 4, what is -2 + 2300131?
2300123
In base 6, what is -1 + -35342?
-35343
In base 8, what is -23 + -2014?
-2037
In base 8, what is 3 + -24627?
-24624
In base 13, what is -5313 - -3?
-5310
In base 14, what is 3b + -a9d?
-a62
In base 5, what is -3 - -1404304?
1404301
In base 12, what is -4536 - -138?
-43ba
In base 9, what is 40046 + 3?
40050
In base 11, what is -7 + 4182?
4176
In base 5, what is 13 + 1310232?
1310300
In base 16, what is -5 + 5120?
511b
In base 10, what is -5 - -5055?
5050
In base 13, what is 0 + 1546c?
1546c
In base 16, what is fdda + 3?
fddd
In base 5, what is 213100031 - -4?
213100040
In base 13, what is -4 + 3bb609?
3bb605
In base 16, what is -1c0 + -f4?
-2b4
In base 13, what is -6 + 47196?
47190
In base 16, what is adf6 + 1f?
ae15
In base 13, what is -356 + -44?
-39a
In base 14, what is -5cc - b5?
-6a3
In base 9, what is -27476 + 1?
-27475
In base 13, what is -2 - 4a32?
-4a34
In base 14, what is -1dcdb + 4?
-1dcd7
In base 6, what is -100 + -2451?
-2551
In base 2, what is -10110001000011011 + -11111?
-10110001000111010
In base 16, what is 2 + -ae6?
-ae4
In base 3, what is 101012120 - -10?
101012200
In base 11, what is 112 + a26?
1038
In base 4, what is 232 + 13323?
20221
In base 12, what is 4 + -24218?
-24214
In base 3, what is 0 + 12202101000?
12202101000
In base 7, what is -162 + -64634?
-65126
In base 8, what is 0 - 131403?
-131403
In base 2, what is -101 - -10011110011011?
10011110010110
In base 10, what is 1226534 + -1?
1226533
In base 15, what is 3b + -1b1?
-175
In base 12, what is -4 + -6024?
-6028
In base 13, what is 262bc - 2?
262ba
In base 13, what is 19b + 12?
1b0
In base 3, what is 2 - 10221221101?
-10221221022
In base 6, what is 4 + 30410?
30414
In base 10, what is 31 + -152781?
-152750
In base 12, what is 91 + -2b5b?
-2a8a
In base 13, what is -1a10 + 45?
-1998
In base 10, what is -5 - -1402884?
1402879
In base 16, what is 4b - e8?
-9d
In base 14, what is -4 - 75a?
-760
In base 9, what is 1704 + 2364?
4168
In base 12, what is 5 + 18aa5?
18aaa
In base 7, what is -1546 - -1113?
-433
In base 16, what is -4a24 + 4?
-4a20
In base 3, what is -2 - -22120022?
22120020
In base 13, what is -4a28 - -327?
-4701
In base 7, what is -102 - -2005?
1603
In base 2, what is -1001 + 110001010011?
110001001010
In base 6, what is -544333 + 24?
-544305
In base 12, what is 0 - 1017a?
-1017a
In base 2, what is 11011011100001010111001 + -101?
11011011100001010110100
In base 6, what is 1004 - -403?
1411
In base 2, what is 101011011101001 - 1001000?
101011010100001
In base 12, what is -140242 - -5?
-140239
In base 12, what is -428 - 84?
-4b0
In base 12, what is -13310 + 2?
-1330a
In base 15, what is -396e + -a?
-3979
In base 15, what is -1a77 - -17?
-1a60
In base 12, what is -303 - -72?
-251
In base 4, what is 12331 + -13010?
-13
In base 15, what is -10e + -6cc?
-7db
In base 12, what is 1 + -63766?
-63765
In base 3, what is -21211102110 + 11?
-21211102022
In base 2, what is 1101 - 1000100111100?
-1000100101111
In base 4, what is 10 - -11303?
11313
In base 11, what is -66a - 2a?
-699
In base 10, what is 457 - 3?
454
In base 6, what is 2 + -141251?
-141245
In base 11, what is 5a3a - 3?
5a37
In base 2, what is -110101010001101 + 1?
-110101010001100
In base 4, what is 10 + 13312301?
13312311
In base 14, what is -5294ab + 0?
-5294ab
In base 3, what is 12001 - -11120111?
11202112
In base 13, what is -77c70 - 1?
-77c71
In base 2, what is -110001100 + 111010111010?
110100101110
In base 8, what is 2 - -1242507?
1242511
In base 14, what is 83 + 167?
20a
In base 11, what is -4897 - -61?
-4836
In base 3, what is -102121 - -21111?
-11010
In base 16, what is 7 + -10d0d?
-10d06
In base 11, what is 78 + -5641?
-5574
In base 5, what is -3 + -40021302?
-40021310
In base 15, what is -105ea + -6?
-10601
In base 14, what is -4 + -282509?
-28250d
In base 6, what is -4 - -1421115?
1421111
In base 5, what is -10 - -1232041?
1232031
In base 4, what is 12033222 + 2?
12033230
In base 10, what is 1099 - 249?
850
In base 9, what is 448 - -2317?
2766
In base 12, what is 1bb279 - -2?
1bb27b
In base 8, what is 6725 + -2?
6723
In base 2, what is 100011000101111111001 + -10?
100011000101111110111
In base 3, what is -2 + -100022111?
-100022120
In base 6, what is 111255 + -115?
111140
In base 9, what is 358425 + -2?
358423
In base 4, what is 1111232 - -12122?
1130020
In base 8, what is 225562 + 5?
225567
In base 11, what is -6 + 21a58?
21a52
In base 11, what is 675 + -1493?
-919
In base 4, what is -11322 - -21120?
3132
In base 11, what is 4 + -18906?
-18902
In base 9, what is -12737 - -4?
-12733
In base 15, what is -3 - 2ee2b?
-2ee2e
In base 4, what is 101 - 32132?
-32031
In base 2, what is 101001011011 - 10101?
101001000110
In base 7, what is 2044 + -10164?
-5120
In base 6, what is 22 - 13151?
-13125
In base 15, what is -5a3e + -d?
-5a4c
In base 10, what is -11 - 26288?
-26299
In base 7, what is -4 - -4341?
4334
In base 6, what is 2342304 - -2?
2342310
In base 15, what is -92 - -1d42?
1ca0
In base 8, what is -2 + -171401?
-171403
In base 3, what is 11122110220 +